s of b.
2, 3, 103
Let u(v) = -3*v - 2. Let t be u(-3). Let l = 10 - t. Suppose 3*y - 2*y = l*a - 63, 4*a - 84 = -4*y. What are the prime factors of a?
3, 7
Let r be 371/(-49) - ((-12)/21 + 0). Let g(m) = -10*m - 43. What are the prime factors of g(r)?
3
Suppose o - 2 = -0. Suppose 5*p + 0 = b + 86, 2*p - 36 = o*b. Suppose 3*t - x - 25 = p, -4*x = 12. List the prime factors of t.
13
Let a(m) = -42*m. Let l be a(1). Let t be (-12)/l - (-23)/(-7). What are the prime factors of t/(-6) + (-9)/(-2)?
5
Suppose 3*k - 189 = 2*k. Suppose 2*n + 46 = 5*r + 5*n, -r + 5*n - 2 = 0. Suppose 11*i - k = r*i. List the prime factors of i.
3, 7
Suppose 305 = 2*p - 5*q, 7*p - 4*p + 4*q - 469 = 0. List the prime factors of p.
5, 31
Let z(d) = 148*d**2 - 7*d + 2. List the prime factors of z(2).
2, 5, 29
List the prime factors of 1 - -2228 - (110 + -116).
3, 5, 149
List the prime factors of (-2)/4 - (-13296)/32.
5, 83
Let t(u) = 23*u + 180. What are the prime factors of t(21)?
3, 13, 17
Let s(w) be the second derivative of 8*w + 0 + 1/6*w**3 + 2/3*w**4 + 5*w**2 + 1/20*w**5. List the prime factors of s(-8).
2
Let a(g) be the first derivative of 19*g**2/2 + 2*g - 18. List the prime factors of a(2).
2, 5
Suppose 28*g + 99 = 2591. List the prime factors of g.
89
Let p(m) = 6*m**2 + 2*m + 2. Let b be p(-6). Let j = b - 145. What are the prime factors of j?
61
Let v be (90/40)/(2/8). Let r(s) = 29*s - 20. What are the prime factors of r(v)?
241
Let d = 744 - -47. What are the prime factors of d?
7, 113
Suppose p + 343 - 67 = 2*f, f = -4*p - 1086. Let v = -145 - p. List the prime factors of v.
127
Suppose -m = -8 - 44. Suppose u + m = 130. What are the prime factors of u?
2, 3, 13
Suppose -3*c = 0, -5*q + 1 = -4*q - 3*c. Let r be 48 - 4 - (-2)/q. Let z = r - 31. What are the prime factors of z?
3, 5
Let m = 34 + -145. Let g = -97 - m. What are the prime factors of g?
2, 7
Let m be 6*5*4/10. Suppose -9*u - 573 = -m*u. What are the prime factors of u?
191
Suppose -4*r = n - 294, -2*n = 6*r - 10*r - 576. List the prime factors of n.
2, 5, 29
Suppose 41 = 4*x - 27. Let t be 290/60 - (-3)/(54/3). Suppose -4*q - 3*c + 190 = 0, q - x = t*c + 19. List the prime factors of q.
2, 23
Let u(g) = -g**2 + 10*g + 28. Let s be u(12). Suppose -s*x - 2*z = -260, 2*x = 5*x + 2*z - 195. List the prime factors of x.
5, 13
Let a(h) = h + 6. Let i be a(-3). Suppose 4*o - q - 155 = 0, 5*o - 164 = -i*q + 17. List the prime factors of o.
2, 19
Suppose -5*q + 1931 = 3*f - 7617, -3*q + 5730 = 3*f. List the prime factors of q.
23, 83
Let w(f) = 2*f**2 + 7*f - 26. Suppose 3*u = -z - 28, -20 - 12 = 2*u - 2*z. List the prime factors of w(u).
139
Suppose 2*m - 4*q - 1033 = -3*q, -5*q = -5*m + 2570. List the prime factors of m.
3, 173
Let t(u) = -u**3 - 11*u**2 - 22*u - 13. Let c be t(-9). Suppose 0 = 24*y - c*y - 224. What are the prime factors of y?
2, 7
Suppose -12*n = 12049 - 54313. List the prime factors of n.
2, 3, 587
Let c = -31 + 35. Let h(r) = -3*r**2 - 3*r + 2. Let p(t) = 2*t**2 + 3*t - 1. Let f(w) = -4*h(w) - 5*p(w). What are the prime factors of f(c)?
17
Let c(h) be the second derivative of 1/2*h**2 + 0 + 2*h + 2*h**3. What are the prime factors of c(2)?
5
Suppose 0 = 7*r - 514 - 529. What are the prime factors of r?
149
Let y(p) = -p**2 + 570. What are the prime factors of y(0)?
2, 3, 5, 19
Suppose 3*k = -3*c + 4*k + 48, 0 = 3*k. Suppose 13*p + 135 = c*p. List the prime factors of p.
3, 5
Let g(h) = -2161*h**3 - 2*h**2 + 8*h + 10. List the prime factors of g(-1).
2161
Let c = -21 - -26. Suppose -f - 416 = -c*f. What are the prime factors of f?
2, 13
List the prime factors of 769 + -2 + (-11 - -5).
761
List the prime factors of (-5416*7/(-140))/(2/5).
677
Suppose -x + 0*x + 17 = 5*u, -x + 14 = 4*u. Suppose -u*r - 1573 = -16*r. What are the prime factors of r?
11
Let d(f) = -25*f**2 - 2*f + 3. Let q be d(4). Let r = -229 - q. Suppose 0 = 4*h + 2*b - r, 0*h + 3*h = b + 127. What are the prime factors of h?
43
Let a(l) = -4 - l**2 - 2*l + l**2 + 0*l**2 - l**2. Let z be a(0). What are the prime factors of (-49)/14*z/7?
2
Suppose 0 = -4*a - 4*g + 4644, -3*a - 978 = g - 4459. What are the prime factors of 2*-5*a/(-100)?
2, 29
Let p(m) = -82*m - 145. What are the prime factors of p(-10)?
3, 5
Suppose 26*m = s + 28*m - 1929, 5*m = 4*s - 7716. List the prime factors of s.
3, 643
Let x(m) be the third derivative of m**5/30 - m**4/6 + m**3/6 + 4*m**2. Let b be x(4). Let h = b + 0. What are the prime factors of h?
17
Suppose -4*f - 3742 = -5*i, 5*f = 2*i - 0*f - 1490. List the prime factors of i.
2, 3, 5
Let q = -81 - -144. Let m be -5*4/(-10) + q. Suppose 0 = -3*v + m + 4. List the prime factors of v.
23
Suppose 5 = -5*i - 5*k, -3*k - 17 = 5*i - 2*k. What are the prime factors of ((-1)/(-3))/(i/(-24))*50?
2, 5
Let c be 100 - ((4 - -1) + -2). Let z = c + -3. Suppose -6*m + z = -74. List the prime factors of m.
2, 7
Suppose -4*j - 2*n = -110, -2*j + 35 = -n - 30. Let a = -18 + j. Let m = a + -10. List the prime factors of m.
2
Suppose 5*h - 6*h = 79. Let q = h - -129. What are the prime factors of q?
2, 5
Suppose j + 23 = -100. Let p = j + 193. List the prime factors of p.
2, 5, 7
Suppose 2*y - 2520 = -50. Suppose -9*x + y = 209. What are the prime factors of x?
2, 3, 19
What are the prime factors of (-542)/(-4) - 1 - 13/(-26)?
3, 5
Let w = 1470 - 765. What are the prime factors of w?
3, 5, 47
Let l(y) = -2*y**3 - 4*y**2 + y - 3. Let t be l(3). What are the prime factors of 14/(-21)*(t - 0)?
2, 3, 5
Suppose -3*y + 3*d + 2772 = 0, -2*d - 10 = -6. List the prime factors of y.
2, 461
Suppose 0*a = -9*a + 1665. List the prime factors of a.
5, 37
Let p(c) = -c**3 - 17*c**2 + 46. Suppose 62*b - 17 = 63*b. List the prime factors of p(b).
2, 23
Let m be 12/16 - 234/24. Let i(k) = -8*k - 12. What are the prime factors of i(m)?
2, 3, 5
Let a be (-222)/15 - (-5)/(-25). Suppose 109 = 5*r - 16. Let l = a + r. List the prime factors of l.
2, 5
Let b(m) = -m**3 - 6*m**2 - 6*m + 9. List the prime factors of b(-10).
7, 67
Suppose 2*n = 3*n + 5*v - 22, 0 = n + v - 10. Suppose n*b - 5*b - 312 = 0. Suppose -3*o + b = o. What are the prime factors of o?
3, 13
What are the prime factors of -6 - (4 - 224) - -6?
2, 5, 11
Suppose 0 = 80*c - 88933 - 115067. What are the prime factors of c?
2, 3, 5, 17
Let l(v) = 12*v - 2*v + 14*v - 44 - 5*v. What are the prime factors of l(7)?
89
Suppose -4 = -2*b + 4. Suppose c - 3*p + 7*p - 3 = 0, 5*c - b*p = 15. List the prime factors of (-2)/(-1 - c/(-6)).
2
Suppose 1354 - 4947 = -4*s - 3*c, -5*c - 3569 = -4*s. List the prime factors of s.
2, 7
Suppose 5*n - 43 + 143 = 0. Let r = n + 23. Suppose -2*y + 275 = r*y. What are the prime factors of y?
5, 11
Let v(s) = 9*s**2 - 13*s. What are the prime factors of v(9)?
2, 3, 17
Suppose g - 4 + 2 = 0. Suppose g*s = 4*s - 5*f - 465, 4*s - 906 = 2*f. Suppose 0 = 4*l - 4, 0*l + 3*l = 3*x - s. What are the prime factors of x?
2, 19
Let b(k) = k**3 + 22*k**2 - 30*k - 37. What are the prime factors of b(-19)?
2, 101
Let q = -18 - -21. Suppose -2*a + 26 = -q*v - 15, -a + 24 = 2*v. What are the prime factors of a?
2, 11
Let o(i) = i - 1. Let y be o(-6). List the prime factors of (-149)/y + (-10)/35.
3, 7
Suppose -2*f = -35*i + 37*i - 772, -3*i + 12 = 0. What are the prime factors of f?
2, 191
Let k(j) = j**3 - 22*j**2 + 24*j + 5. Let b be k(21). Let m = b + 166. What are the prime factors of m?
2, 3, 13
Let g(p) = 16*p + 13. Let t be g(6). Let x = -70 + t. Let r = x - 23. What are the prime factors of r?
2
Let p be -1*(0 - (2 - 0)). Let f be -22*2/(-4) - 1*-2. Suppose -p*v - 2*i + 13 - 1 = 0, -3*v + 2*i = -f. List the prime factors of v.
5
Let g(z) = z**3 + 6*z**2 - 10*z + 3. Suppose 18 = 6*j + 6. Suppose 0 = -2*c - y - 14, -3*c = -y + j*y + 21. What are the prime factors of g(c)?
2, 3
Let k be ((-4)/(-8))/((-3)/(-12)). Suppose -x + 2*c = -13, -2*c - 17 = x + k*c. What are the prime factors of x?
3
Let h(f) = f**2 + f**3 + 8*f**2 - 2*f**2 - 13*f + 6 + 2*f**2. List the prime factors of h(-10).
2, 3
Let a = -397 - -187. Let m be (24/9)/((-4)/a). What are the prime factors of (120/140)/(2/m)?
2, 3, 5
Suppose 144 = 4*x - 0*x. Let i = 54 - x. What are the prime factors of i?
2, 3
Let y = -18 - -9. What are the prime factors of (-259)/(-21) - 6/y?
13
Let g(h) be 